git of 7654325?
2
What is the thousands digit of 238403?
8
What is the ten thousands digit of 9622600?
2
What is the hundreds digit of 4510832?
8
What is the hundred thousands digit of 4188695?
1
What is the hundreds digit of 7526646?
6
What is the ten thousands digit of 11513011?
1
What is the units digit of 1079625?
5
What is the tens digit of 216138?
3
What is the hundred thousands digit of 1410038?
4
What is the ten thousands digit of 1146459?
4
What is the ten thousands digit of 1615187?
1
What is the ten thousands digit of 93818?
9
What is the ten thousands digit of 710392?
1
What is the millions digit of 1862856?
1
What is the thousands digit of 385210?
5
What is the millions digit of 1487223?
1
What is the units digit of 2137350?
0
What is the thousands digit of 278449?
8
What is the hundreds digit of 27393463?
4
What is the tens digit of 115345?
4
What is the thousands digit of 3327085?
7
What is the tens digit of 10634797?
9
What is the units digit of 221022?
2
What is the ten millions digit of 11124690?
1
What is the hundred thousands digit of 733393?
7
What is the hundreds digit of 22503?
5
What is the hundred thousands digit of 17207300?
2
What is the units digit of 10456298?
8
What is the ten thousands digit of 23924531?
2
What is the thousands digit of 2376062?
6
What is the tens digit of 8597599?
9
What is the millions digit of 1412439?
1
What is the thousands digit of 135907?
5
What is the hundreds digit of 37543?
5
What is the thousands digit of 216642?
6
What is the hundreds digit of 251803?
8
What is the units digit of 195070?
0
What is the hundred thousands digit of 8780191?
7
What is the hundreds digit of 407779?
7
What is the tens digit of 1726396?
9
What is the tens digit of 742959?
5
What is the ten millions digit of 11347427?
1
What is the tens digit of 400846?
4
What is the hundreds digit of 2704466?
4
What is the tens digit of 1634164?
6
What is the hundreds digit of 378533?
5
What is the tens digit of 45233554?
5
What is the thousands digit of 180681?
0
What is the hundred thousands digit of 150861?
1
What is the units digit of 8363563?
3
What is the hundred thousands digit of 2561816?
5
What is the tens digit of 17141338?
3
What is the ten thousands digit of 16839214?
3
What is the units digit of 4078419?
9
What is the tens digit of 4276672?
7
What is the units digit of 1528168?
8
What is the thousands digit of 1437344?
7
What is the ten thousands digit of 5128763?
2
What is the thousands digit of 3771532?
1
What is the thousands digit of 82144?
2
What is the thousands digit of 236972?
6
What is the ten thousands digit of 244012?
4
What is the ten thousands digit of 166395?
6
What is the tens digit of 147644?
4
What is the tens digit of 2717?
1
What is the tens digit of 512574?
7
What is the hundreds digit of 12534218?
2
What is the ten thousands digit of 689470?
8
What is the units digit of 11020864?
4
What is the thousands digit of 347442?
7
What is the units digit of 387508?
8
What is the thousands digit of 1881649?
1
What is the tens digit of 12433174?
7
What is the units digit of 38351?
1
What is the hundred thousands digit of 2863469?
8
What is the units digit of 741828?
8
What is the hundred thousands digit of 5761137?
7
What is the tens digit of 5579253?
5
What is the ten millions digit of 17825276?
1
What is the millions digit of 1285506?
1
What is the tens digit of 235800?
0
What is the units digit of 121275?
5
What is the millions digit of 2462596?
2
What is the units digit of 4931537?
7
What is the millions digit of 7282391?
7
What is the units digit of 5041659?
9
What is the hundred thousands digit of 2488499?
4
What is the hundred thousands digit of 879743?
8
What is the hundred thousands digit of 1873574?
8
What is the tens digit of 1045489?
8
What is the hundred thousands digit of 943214?
9
What is the thousands digit of 863861?
3
What is the tens digit of 1037825?
2
What is the thousands digit of 2280?
2
What is the hundred thousands digit of 347984?
3
What is the units digit of 614634?
4
What is the ten thousands digit of 246813?
4
What is the hundred thousands digit of 1871934?
8
What is the units digit of 615428?
8
What is the thousands digit of 9232752?
2
What is the ten thousands digit of 2342316?
4
What is the thousands digit of 383834?
3
What is the hundred thousands digit of 757914?
7
What is the ten thousands digit of 139720?
3
What is the hundred thousands digit of 290398?
2
What is the thousands digit of 6531059?
1
What is the tens digit of 6224588?
8
What is the ten thousands digit of 8114790?
1
What is the hundreds digit of 1917831?
8
What is the hundreds digit of 382645?
6
What is the hundred thousands digit of 2563790?
5
What is the ten millions digit of 27893120?
2
What is the millions digit of 3788396?
3
What is the hundred thousands digit of 2146925?
1
What is the hundred thousands digit of 20669760?
6
What is the hundreds digit of 7395981?
9
What is the hundreds digit of 397200?
2
What is the tens digit of 397244?
4
What is the ten thousands digit of 242366?
4
What is the tens digit of 3571336?
3
What is the millions digit of 23427114?
3
What is the tens digit of 65576?
7
What is the units digit of 2086317?
7
What is the ten thousands digit of 104561?
0
What is the tens digit of 2220718?
1
What is the thousands digit of 274226?
4
What is the units digit of 260291?
1
What is the hundred thousands digit of 2223245?
2
What is the ten thousands digit of 11559770?
5
What is the hundreds digit of 470934?
9
What is the units digit of 32860?
0
What is the tens digit of 209713?
1
What is the thousands digit of 1201385?
1
What is the tens digit of 280102?
0
What is the hundred thousands digit of 293162?
2
What is the ten thousands digit of 60695?
6
What is the units digit of 767494?
4
What is the ten thousands digit of 171696?
7
What is the hundreds digit of 3511450?
4
What is the millions digit of 3791182?
3
What is the thousands digit of 333593?
3
What is the hundreds digit of 2286841?
8
What is the hundred thousands digit of 428689?
4
What is the ten thousands digit of 3929795?
2
What is the hundreds digit of 3229442?
4
What is the hundred thousands digit of 604807?
6
What is the ten thousands digit of 52500?
5
What is the thousands digit of 213733?
3
What is the thousands digit of 581073?
1
What is the hundred thousands digit of 21270962?
2
What is the ten thousands digit of 32677?
3
What is the thousands digit of 1158264?
8
What is the thousands digit of 196434?
6
What is the units digit of 1151719?
9
What is the thousands digit of 2466245?
6
What is the thousands digit of 29434386?
4
What is the hundreds digit of 2529175?
1
What is the hundred thousands digit of 3517284?
5
What is the hundreds digit of 2392048?
0
What is the hundreds digit of 12074615?
6
What is the thousands digit of 100282?
0
What is the units digit of 2255093?
3
What is the hundred thousands digit of 140791?
1
What is the units digit of 10319833?
3
What is the thousands digit of 1375323?
5
What is the thousands digit of 9846287?
6
What is the hundred thousands digit of 1607510?
6
What is the units digit of 7950121?
1
What is the hundreds digit of 189651?
6
What is the hundreds digit of 9370950?
9
What is the tens digit of 4569?
6
What is the millions digit of 4458809?
4
What is the hundreds digit of 15383203?
2
What is the ten thousands digit of 3842300?
4
What is the thousands digit of 2157957?
7
What is the thousands digit of 747074?
7
What is the units digit of 1161184?
4
What is the ten thousands digit of 878983?
7
What is the ten thousands digit of 14634?
1
What is the units digit of 189635?
5
What is the units digit of 5815313?
3
What is the units digit of 3723742?
2
What is the thousands digit of 4326845?
6
What is the thousands digit of 717918?
7
What is the units digit of 7629452?
2
What is the tens digit of 1266?
6
What is the thousands digit of 249589?
9
What is the hundred thousands digit of 2323219?
3
What is the thousands digit of 125240?
5
What is the thousands digit of 7094450?
4
What is the tens digit of 584488?
8
What is the hundreds digit of 1019008?
0
What is the hundreds digit of 2192065?
0
What is the ten thousands digit of 1631902?
3
What is the hundred thousands digit of 21410685?
4
W